 -p**2 + 17*p - 3. Let x be l(18). Let d be (x/(-3))/(3 + -4). Determine u(d).
-4
Suppose 21*m + 16 = 29*m. Let v = -97 - -99. Suppose -m*y = v*w + 2, 0 = y - w - 2 + 3. Let n(a) = 9*a**3 - 2*a**2 - a. What is n(y)?
-10
Let h = -4981 - -4973. Let s(o) = -o**3 - 8*o**2 + o + 17. What is s(h)?
9
Let i(n) = -n**2 - 12*n. Let l(v) be the first derivative of -2*v**3/3 + v**2/2 + v + 126. Let x(h) = -i(h) + l(h). Give x(13).
1
Let x(r) = r - 4. Let n be x(-6). Let z(h) = -h**2 + 34*h + 1. Let y(m) = -m**2 + 78*m - 3. Let t(a) = -y(a) + 2*z(a). What is t(n)?
5
Let g(t) be the second derivative of -7*t**4/12 - 7*t**3/3 + t**2 - 2*t - 15. Let x(q) = 4*q**2 + 8*q - 1. Let m(s) = -3*g(s) - 5*x(s). Determine m(2).
7
Let b be 3 + 4*7/14. Let i(t) = t + 4. Let l(d) = d + 3. Let m(q) = -3*i(q) + 2*l(q). Give m(b).
-11
Let s be ((-1)/(-3))/(1/(-9)). Let p = 1 + s. Let d(z) = -19*z**3 - z**2 + 28*z - 11. Let n(c) = 2*c**3 - 3*c + 1. Let u(t) = d(t) + 10*n(t). What is u(p)?
-9
Let k(a) = -8*a - 7755*a**2 + 3865*a**2 - 18 + 3891*a**2. Give k(8).
-18
Let q(f) be the third derivative of f**4/12 + f**3/6 + 20616*f**2. Suppose -4 + 0 = b. Determine q(b).
-7
Let w be (-2 - -3)/(1 - 2). Let c(n) = 2*n - 35097607*n**3 + 2 - 1 + 35097635*n**3 + 2*n**2. Give c(w).
-27
Let r(f) be the third derivative of -f**6/120 - f**5/10 + f**4/12 + 7*f**3/6 - 102*f**2 - 2*f. Suppose -12 - 3 = 5*y + 4*q, -4*q = -4*y - 48. What is r(y)?
42
Suppose -125*p + 129*p + 28 = 0. Let s(k) = -k**3 - 8*k**2 - 5*k + 21. Give s(p).
7
Let u(q) be the third derivative of q**6/40 + q**5/20 - q**4/24 - q**3/2 + 2940*q**2. Calculate u(-3).
-54
Let i(m) be the first derivative of 10*m - 62 + 6*m**2 - 1/3*m**3. Determine i(12).
10
Let o = -11 - -14. Let c(n) be the second derivative of n**5/10 - 5*n**4/12 + 5*n**3/6 - n**2 - 264*n. What is c(o)?
22
Let l(o) be the first derivative of -2/3*o**3 - 1/2*o**2 - 12 + 3*o. Let r = 28 + -31. Calculate l(r).
-12
Let s(l) be the third derivative of l**6/120 - 7*l**5/60 + 5*l**4/8 - 17*l**3/6 + 1119*l**2. Calculate s(5).
8
Let t = -328 + 329. Let i(f) = -1 + 4*f - 3 - 1 - 3*f**3 + 2*f**2. Let n(u) = u**3 - u + 1. Let o(j) = t*i(j) + 4*n(j). Determine o(-2).
-1
Let t(f) = 12*f**3 - 2*f + 1. Let g be 4 + (-68)/(16/(-4)). Suppose -7*w + 0 = -g. Let p be (1/(-4))/((9/(-12))/w). What is t(p)?
11
Let s(d) = -9*d**2 + 131*d + 78. Let k be s(15). Let g(u) = -u**3 + 17*u**2 + 17*u + 9. What is g(k)?
-9
Let s(g) be the third derivative of g**6/120 + g**5/12 - g**4/12 + 5*g**3/6 - g**2. Let a = 61348 + -61354. Calculate s(a).
-19
Suppose -145 = -24*r + 167. Let t(o) = 14*o**3 - 24 - 878*o + 14*o**2 + 861*o - r*o**3. Calculate t(-15).
6
Let s(n) = 7496*n**2 - 3753*n**2 + 31*n - 3746*n**2 - 85. Give s(5).
-5
Suppose -4*o + o = -4*v + 61, 10 = -2*v. Let r = 23 + o. Let l(j) = -j - 4. Give l(r).
0
Let v(n) = 11*n - 1. Let s(w) = -w - 4. Let x(g) = g + 3. Let a(r) = 4*s(r) + 5*x(r). Let l(m) = -2*a(m) + v(m). Suppose 63*q - 24 = 39*q. What is l(q)?
10
Let a(b) be the third derivative of -62*b**2 - 1 + 0*b**3 - 1/60*b**5 + 0*b - 5/24*b**4. What is a(-4)?
4
Let x(k) = -17*k - 94. Let a(d) = 8*d + 57. Let l(w) = -5*a(w) - 3*x(w). Calculate l(-6).
-69
Let m(a) = -2*a**3 - 4*a**2 - 7*a + 17. Let o be m(-7). Suppose -3*u = o - 550. Let i(x) = x**2 + x + 2. Give i(u).
4
Let x = 5 + -3. Let h(a) be the first derivative of a**2 - a**2 - 2*a - a**2 + x + 11. Calculate h(-5).
8
Let y(p) = -p**2 - p**3 - 6*p**2 + p**3 + p**3 + 2*p - 3. Let q = -2231 + 2238. What is y(q)?
11
Let v(o) = o. Suppose -7*m = -2*m - 20. Let c be 0/m - ((0 - 1) + 5). What is v(c)?
-4
Suppose 9207 - 9097 = 10*m. Let w(d) be the second derivative of -m*d + 1/2*d**4 - d**2 - 1/6*d**3 + 1/20*d**5 + 0. Give w(-6).
4
Let q(w) = 27*w**3 + w**2 - w - 1. Let j be 36/54*(-7332)/(-8). Suppose 606 = 5*o + j. What is q(o)?
-26
Let c(t) = 750*t - 265. Let g(h) = 31*h - 11. Let m(k) = -6*c(k) + 145*g(k). Calculate m(-4).
15
Let c(u) = -2*u + 13. Let o be (-24)/9*(-27)/(-12). What is c(o)?
25
Let r(p) = 19*p**2 + 15*p. Let o(b) = -9*b**2 - 6*b. Let u(m) = -15*o(m) - 6*r(m). Calculate u(-1).
21
Let o(f) = -f + 27. Let q be 129/344 + 6/(-16). Suppose q = 5*z + 136 - 231. Determine o(z).
8
Let q be 8/(-92) + (-1600)/115. Let p(j) = -j**2 - 16*j - 18. Calculate p(q).
10
Let q(c) = -c**3 + 5. Let s be q(0). Let i = -515 - -517. Let y(b) = 28*b**2 + s*b - 1 - 32*b**2 - i*b + b**3. Determine y(2).
-3
Let m(y) be the third derivative of y**4/8 - 4*y**3/3 + 7100*y**2. What is m(-4)?
-20
Let y(s) be the second derivative of -s**5/30 + s**4/8 - 19*s**3 - s**2/2 + 29*s. Let b(i) be the second derivative of y(i). Calculate b(-4).
19
Let m(u) = -261*u + 4. Let n(l) = -92*l + 1. Let r(q) = 6*m(q) - 17*n(q). What is r(2)?
3
Suppose 40*k - 209 + 223 = -106. Let h(z) be the first derivative of 2*z**3 + z**2 - 4*z + 3. Determine h(k).
44
Let v(y) = y**2 + 9*y + 214. Let m(o) = 3*o**2 + 28*o + 593. Let b(p) = -4*m(p) + 11*v(p). Give b(-13).
-18
Let b(o) = -o**2 + 11*o + 6. Let l(u) = 11*u**2 - 35*u + 37. Let t be l(2). Give b(t).
6
Let o(f) = 3*f + 38. Let g(n) = 34*n - 1157. Let u(s) = -g(s) + 2*o(s). What is u(44)?
1
Let j(v) be the second derivative of -v**7/2520 - v**6/80 - v**5/60 - v**4/12 - 4*v**3 + 18*v - 4. Let d(a) be the third derivative of j(a). Calculate d(-8).
6
Suppose -2*p + 3*t = -23 + 12, -49 = -3*p - 2*t. Let y(g) = -7*g + 130. Calculate y(p).
39
Let q be 1/(3 + -1 + -3). Let s(f) = 5*f + 6*f + 30*f - 61*f. Give s(q).
20
Let k be (-788)/1182*(2 - (-22)/4). Let n(v) = -5*v + 1. Determine n(k).
26
Let y(u) = 7 - 7*u - 2 + 0. Suppose -4*x - 2*p + 15675 = 15613, -3*x + 5*p = 77. Determine y(x).
-37
Let s(t) be the first derivative of -4*t**3/3 - 12*t**2 - 2*t - 1644. What is s(-6)?
-2
Let u(v) = -9*v + 73. Suppose 6 = 18*o - 15*o, 3*o + 2 = y. Determine u(y).
1
Let l(q) = q + 8. Let y(s) = -s + 1. Suppose 2*x + 4*m - 9 = 7*m, -4*m - 12 = 3*x. Suppose x = 5*b - 45 + 15. Let t be y(b). Calculate l(t).
3
Let m = 42 + -55. Let p(f) = 7*f**2 + 16*f - 19. Let i(q) = -19*q**2 - 47*q + 54. Let o(w) = 3*i(w) + 8*p(w). Give o(m).
10
Let c(g) = -4329 - 4327 - 10*g**2 + 8655 + 2*g**3 + 9*g + 21*g**2. Give c(-4).
11
Suppose 2*o + x = -1 + 8, 0 = o + 3*x - 1. Let s(i) be the first derivative of i**2/2 - 5*i + 24915. Give s(o).
-1
Let w(u) = 22*u - 49. Let a(z) = -5*z + 11. Let f(r) = 9*a(r) + 2*w(r). Give f(13).
-12
Let f(x) be the third derivative of -x**6/120 + 13*x**5/60 - 13*x**4/24 + 13*x**3/6 + x**2 - 90. Suppose 4*n - 22 - 26 = 0. What is f(n)?
1
Let l(d) be the third derivative of 0*d + 35*d**2 - 1/8*d**4 - 3/2*d**3 + 0. Give l(-4).
3
Let w(l) = l**2 + 174*l + 3977. Let d be w(-27). Let i(s) = -s + 29. Determine i(d).
21
Let y(d) = 38*d + 9. Let t be y(-6). Let z = t + 221. Let v(j) = -2 + j + 4 - 2*j + 5*j. What is v(z)?
10
Let v(q) be the third derivative of -q**8/6720 - q**7/1260 + q**6/720 - 25*q**4/4 - 54*q**2. Let c(r) be the second derivative of v(r). Give c(-3).
6
Let l(i) be the third derivative of i**6/120 - 2*i**5/15 + 5*i**4/8 - 5*i**3/2 + 6*i**2 + 47*i. What is l(6)?
3
Let m(y) = 2*y**2 - y + 51. Let z(o) = 2*o**2 - 27*o + 235. Let h(a) = 4*m(a) - z(a). Calculate h(-5).
4
Let k(b) = -b**3 - 31*b**2 - 99*b + 239. Let s be k(-27). Let d(i) = -i**2 - 17*i - 1. Determine d(s).
51
Let s(j) = -j**2 + 5*j + 26. Let m(a) = -a**2 - 13*a - 28. Let p be m(-9). Give s(p).
2
Let x = 74 - 74. Let t(u) be the first derivative of u - 2*u - 2*u**2 + x + 0*u + 16. Give t(1).
-5
Let n(u) = 105*u**2 - 14*u - u**3 - 17 + 109*u**2 + 104*u**2 + 111*u**2 - 435*u**2. Give n(-4).
7
Let c(t) be the third derivative of 1/12*t**5 + 5*t**2 + 1/6*t**3 - 5/24*t**4 + 0 - 11*t + 1/120*t**6. Let b be (-5 - 3) + (-9)/(-3). What is c(b)?
26
Let d be ((-4)/(-88))/((-1)/4) - (-2030)/638. Let p(l) = 2*l**2 - 8*l + 7. Calculate p(d).
1
Let p(c) = 15*c - 6. Suppose 2*z - 8 = -o, 4*o + 7 = 210*z - 205*z. Determine p(o).
24
Suppose 2*o - 22 = -5*l, -2*o = -5*l - 7*o + 25. Suppose -3*x + l*s + 108 = 0, 5*x + s = 2*s + 197. Let z(k) = 39*k + 1 + 3 - x*k - 1. Determine z(4).
-1
Let p(k) = -k + 47. Let u be 9 + -4 + 3 + 13. What is p(u)?
26
Let o(z) = 5*z - 4. Suppose 0 = -179*b - 703 + 524. Determine o(b).
-9
Let g(k) = -35*k**2 - 57*k + 42. Let s(x) = -62*x**2 - 101*x + 7